							
{"id":368,"date":"2017-06-29T20:24:22","date_gmt":"2017-06-29T18:24:22","guid":{"rendered":"http:\/\/www.santuantinu.org\/?page_id=368\/"},"modified":"2017-06-30T08:15:43","modified_gmt":"2017-06-30T06:15:43","slug":"lhistoire","status":"publish","type":"page","link":"https:\/\/www.santuantinu.org\/fr\/sardia\/lhistoire\/","title":{"rendered":"L&#8217;histoire"},"content":{"rendered":"<p>[et_pb_section fb_built=&#8221;1&#8243; admin_label=&#8221;section&#8221; _builder_version=&#8221;3.0.47&#8243;][et_pb_row admin_label=&#8221;Riga&#8221; _builder_version=&#8221;3.0.47&#8243; background_size=&#8221;initial&#8221; background_position=&#8221;top_left&#8221; background_repeat=&#8221;repeat&#8221;][et_pb_column type=&#8221;1_3&#8243; _builder_version=&#8221;3.0.47&#8243; parallax=&#8221;off&#8221; parallax_method=&#8221;on&#8221;][et_pb_blurb title=&#8221;L&#8217;histoire&#8221; image=&#8221;http:\/\/www.santuantinu.org\/wp-content\/uploads\/2017\/06\/Schermata-2017-06-21-alle-18.29.31.png&#8221; admin_label=&#8221;Blur&#8221; _builder_version=&#8221;3.0.51&#8243; header_font_size=&#8221;27px&#8221; header_line_height=&#8221;1.6em&#8221; body_font_size=&#8221;16px&#8221; body_line_height=&#8221;1.8em&#8221;]<\/p>\n<p><strong>Le Grand Empereur Romain Constantin I, na\u00eet \u00e0 Naisso, aujourd&#8217;hui Ni\u0161 en Serbie environ en l\u2019an 280 et d\u00e9c\u00e9da \u00e0 Nicom\u00e9die en l\u2019an 337.\u00a0Fils de Constance Chlore, (le t\u00e9trarque devenu Auguste en l\u2019an 305), et d&#8217;H\u00e9l\u00e8ne, (\u00e9lev\u00e9e \u00e0 la cour de Diocl\u00e9tien), qui devint sainte.\u00a0<\/strong><strong>En l\u2019an 306, \u00e0 la mort de Constance Chlore les troupes acclam\u00e8rent Constantin, en bouleversant ainsi le sch\u00e9ma t\u00e9trarchique qui pr\u00e9voyait l&#8217;\u00e9lection de S\u00e9v\u00e8re.<\/strong><\/p>\n<p>[\/et_pb_blurb][\/et_pb_column][et_pb_column type=&#8221;2_3&#8243; _builder_version=&#8221;3.0.47&#8243; parallax=&#8221;off&#8221; parallax_method=&#8221;on&#8221;][et_pb_text admin_label=&#8221;Testo&#8221; _builder_version=&#8221;3.0.51&#8243; text_font_size=&#8221;16&#8243; text_line_height=&#8221;1.8em&#8221;]<\/p>\n<p>La nomination de Constantin provoqua la r\u00e9action de Maxence (qui avait \u00e9t\u00e9 Auguste jusqu\u2019\u00e0 l\u2019an 305). L&#8217;\u00e9lection d\u2019Auguste de Maximien d\u00e9cha\u00eena les col\u00e8res de S\u00e9v\u00e8re, ce dernier fut tuer en l\u2019an 307.<\/p>\n<p>\u00c0 ce moment, se d\u00e9cha\u00eena une lutte entre Maximien et son fils Maxence, Constantin s&#8217;allia \u00e0 son beau-p\u00e8re Maximien (Constantin avait \u00e9pous\u00e9 sa fille Fausta). Peu apr\u00e8s cependant, il d\u00e9couvrait un complot de Maximien, Constantin le contraignit au suicide en l\u2019an 310.<br \/>\nIls se disput\u00e8rent ainsi le titre d&#8217;Auguste, Licinius et Maximin Da\u00efa en Orient et Constantin et Maxence en Occident.<\/p>\n<p>Constantin combattu son rival Maxence en l\u2019an 312, en le battant au Pont Milvius. On raconte que, la nuit avant la bataille, Constantin fit un r\u00eave pr\u00e9monitoire, il vit une croix avec une inscription &#8220;in hoc signo vinces&#8221;, (avec ce signe tu gagneras), donc il fit mettre sur le blason de la troupe, accol\u00e9 au symbole pa\u00efen du soleil, le symbole du Christ, la croix.<\/p>\n<p>Apr\u00e8s avoir vaincu Maxence, Constantin s\u2019allia \u00e0 Licinius, qui allait entrer en conflit avec Maximin Da\u00efa, empereur de la partie orientale de l\u2019Empire.<\/p>\n<p>Les deux augustes sign\u00e8rent en l\u2019an 313 un \u00e9dit, dont Constantin semble \u00eatre le promoteur qui consid\u00e9rait la religion chr\u00e9tienne permise \u00e0 c\u00f4t\u00e9 de la pa\u00efenne et il disposait la restitution des biens \u00e0 la communaut\u00e9 eccl\u00e9siastique.<\/p>\n<p>En l\u2019an 314 les deux augustes, Constantin et Licinius entr\u00e8rent en guerre pour le pouvoir absolu et, Constantin, battu son rival en Pannonia et obtint le contr\u00f4le des Balkans.<\/p>\n<p>Constantin continua en ouest une politique de plus en plus favorable aux chr\u00e9tiens pendant que, Licinius s&#8217;orientait au service des pa\u00efens. L\u2019affrontement finale eu lieu \u00e0 l&#8217;Adrianopole, Crysopolis et dans l&#8217;Esponto en l\u2019an 324.<\/p>\n<p>Rest\u00e9 le seul empereur, Constantin, commen\u00e7a la reconstruction de Bisanzio en la rebaptisant Constantinople et en l&#8217;inaugurant si\u00e8ge imp\u00e9rial en l\u2019an 330, en d\u00e9pla\u00e7ant le coeur de l&#8217;empire qui, jusqu\u2019\u00e0 pr\u00e9sent \u00e9tait Rome.<\/p>\n<p>Dans le milieu religieux Constantin participa toujours dans des disputes th\u00e9ologiques, en participant entre autre au concile de Nic\u00e9e en l\u2019an 325. Il voulait maintenir l&#8217;unit\u00e9 de l&#8217;\u00e9glise.<br \/>\nIl contribua \u00e0 la r\u00e9pression du mouvement donastique en Afrique, premier exemple de la lutte contre l\u2019h\u00e9r\u00e9sie.<\/p>\n<p>Constantin d\u00e9cr\u00e9ta beaucoup de lois, par exemple, celle qui demande \u00e0 l\u2019\u00e9glise de porter assistance aux pauvres.<br \/>\nDans le domaine social il accentua la tendance \u00e0 l&#8217;humanisation des esclaves et il se pr\u00e9occupa de la l\u00e9gislation matrimoniale.<\/p>\n<p>Un r\u00f4le d\u00e9cisif dans sa conversion fut sa m\u00e8re, Saint H\u00e9l\u00e8ne, \u00e0 qui il d\u00e9dia la derni\u00e8re partie de sa vie \u00e0 faire construire des \u00e9glises comme Sainte-Croix \u00e0 J\u00e9rusalem, \u00e0 Rome ou la Nativit\u00e9 \u00e0 Bethl\u00e9em, et \u00e0 chercher les reliques du Christ en inaugurant la tradition de l&#8217;influence des femmes chr\u00e9tiennes \u00e0 la cour imp\u00e9riale.<\/p>\n<p>Constantin mourut de maladie pr\u00e8s de Nicom\u00e9die en l\u2019an 337, en recevant le bapt\u00eame sur son lit de mort de l&#8217; arien Eus\u00e8be de Nicom\u00e9die.<\/p>\n<p>Constantin n&#8217;a jamais \u00e9t\u00e9 proclam\u00e9 saint de l&#8217;\u00c9glise Catholique mais, comme il est v\u00e9n\u00e9r\u00e9 en orient et en occident, ainsi qu\u2019en Sardaigne, et en particulier \u00e0 Sedilo, ce culte est tr\u00e8s ressenti, probablement suite \u00e0 la domination byzantin de l&#8217;\u00eele.<\/p>\n<p>[\/et_pb_text][\/et_pb_column][\/et_pb_row][\/et_pb_section]<\/p>\n","protected":false},"excerpt":{"rendered":"<p>Le Grand Empereur Romain Constantin I, na\u00eet \u00e0 Naisso, aujourd&#8217;hui Ni\u0161 en Serbie environ en l\u2019an 280 et d\u00e9c\u00e9da \u00e0 Nicom\u00e9die en l\u2019an 337.\u00a0Fils de Constance Chlore, (le t\u00e9trarque devenu Auguste en l\u2019an 305), et d&#8217;H\u00e9l\u00e8ne, (\u00e9lev\u00e9e \u00e0 la cour de Diocl\u00e9tien), qui devint sainte.\u00a0En l\u2019an 306, \u00e0 la mort de Constance Chlore les troupes [&hellip;]<\/p>\n","protected":false},"author":2,"featured_media":0,"parent":361,"menu_order":0,"comment_status":"closed","ping_status":"closed","template":"","meta":{"_et_pb_use_builder":"on","_et_pb_old_content":"","_et_gb_content_width":"","footnotes":""},"class_list":["post-368","page","type-page","status-publish","hentry"],"yoast_head":"<!-- This site is optimized with the Yoast SEO plugin v26.6 - https:\/\/yoast.com\/wordpress\/plugins\/seo\/ -->\n<title>L&#039;histoire - Associazione Santu Antinu<\/title>\n<meta name=\"robots\" content=\"index, follow, max-snippet:-1, max-image-preview:large, max-video-preview:-1\" \/>\n<link rel=\"canonical\" href=\"https:\/\/www.santuantinu.org\/fr\/sardia\/lhistoire\/\" \/>\n<meta property=\"og:locale\" content=\"fr_FR\" \/>\n<meta property=\"og:type\" content=\"article\" \/>\n<meta property=\"og:title\" content=\"L&#039;histoire - Associazione Santu Antinu\" \/>\n<meta property=\"og:description\" content=\"Le Grand Empereur Romain Constantin I, na\u00eet \u00e0 Naisso, aujourd&#039;hui Ni\u0161 en Serbie environ en l\u2019an 280 et d\u00e9c\u00e9da \u00e0 Nicom\u00e9die en l\u2019an 337.\u00a0Fils de Constance Chlore, (le t\u00e9trarque devenu Auguste en l\u2019an 305), et d&#039;H\u00e9l\u00e8ne, (\u00e9lev\u00e9e \u00e0 la cour de Diocl\u00e9tien), qui devint sainte.\u00a0En l\u2019an 306, \u00e0 la mort de Constance Chlore les troupes [&hellip;]\" \/>\n<meta property=\"og:url\" content=\"https:\/\/www.santuantinu.org\/fr\/sardia\/lhistoire\/\" \/>\n<meta property=\"og:site_name\" content=\"Associazione Santu Antinu\" \/>\n<meta property=\"article:modified_time\" content=\"2017-06-30T06:15:43+00:00\" \/>\n<meta name=\"twitter:card\" content=\"summary_large_image\" \/>\n<meta name=\"twitter:label1\" content=\"Est. reading time\" \/>\n\t<meta name=\"twitter:data1\" content=\"4 minutes\" \/>\n<script type=\"application\/ld+json\" class=\"yoast-schema-graph\">{\"@context\":\"https:\/\/schema.org\",\"@graph\":[{\"@type\":\"WebPage\",\"@id\":\"https:\/\/www.santuantinu.org\/fr\/sardia\/lhistoire\/\",\"url\":\"https:\/\/www.santuantinu.org\/fr\/sardia\/lhistoire\/\",\"name\":\"L'histoire - Associazione Santu Antinu\",\"isPartOf\":{\"@id\":\"https:\/\/www.santuantinu.org\/#website\"},\"datePublished\":\"2017-06-29T18:24:22+00:00\",\"dateModified\":\"2017-06-30T06:15:43+00:00\",\"breadcrumb\":{\"@id\":\"https:\/\/www.santuantinu.org\/fr\/sardia\/lhistoire\/#breadcrumb\"},\"inLanguage\":\"fr-FR\",\"potentialAction\":[{\"@type\":\"ReadAction\",\"target\":[\"https:\/\/www.santuantinu.org\/fr\/sardia\/lhistoire\/\"]}]},{\"@type\":\"BreadcrumbList\",\"@id\":\"https:\/\/www.santuantinu.org\/fr\/sardia\/lhistoire\/#breadcrumb\",\"itemListElement\":[{\"@type\":\"ListItem\",\"position\":1,\"name\":\"Home\",\"item\":\"https:\/\/www.santuantinu.org\/fr\/\"},{\"@type\":\"ListItem\",\"position\":2,\"name\":\"S&#8217;Ardia\",\"item\":\"https:\/\/www.santuantinu.org\/fr\/sardia\/\"},{\"@type\":\"ListItem\",\"position\":3,\"name\":\"L&#8217;histoire\"}]},{\"@type\":\"WebSite\",\"@id\":\"https:\/\/www.santuantinu.org\/#website\",\"url\":\"https:\/\/www.santuantinu.org\/\",\"name\":\"Associazione Santu Antinu\",\"description\":\"s&#039;Ardia\",\"potentialAction\":[{\"@type\":\"SearchAction\",\"target\":{\"@type\":\"EntryPoint\",\"urlTemplate\":\"https:\/\/www.santuantinu.org\/?s={search_term_string}\"},\"query-input\":{\"@type\":\"PropertyValueSpecification\",\"valueRequired\":true,\"valueName\":\"search_term_string\"}}],\"inLanguage\":\"fr-FR\"}]}<\/script>\n<!-- \/ Yoast SEO plugin. -->","yoast_head_json":{"title":"L'histoire - Associazione Santu Antinu","robots":{"index":"index","follow":"follow","max-snippet":"max-snippet:-1","max-image-preview":"max-image-preview:large","max-video-preview":"max-video-preview:-1"},"canonical":"https:\/\/www.santuantinu.org\/fr\/sardia\/lhistoire\/","og_locale":"fr_FR","og_type":"article","og_title":"L'histoire - Associazione Santu Antinu","og_description":"Le Grand Empereur Romain Constantin I, na\u00eet \u00e0 Naisso, aujourd'hui Ni\u0161 en Serbie environ en l\u2019an 280 et d\u00e9c\u00e9da \u00e0 Nicom\u00e9die en l\u2019an 337.\u00a0Fils de Constance Chlore, (le t\u00e9trarque devenu Auguste en l\u2019an 305), et d'H\u00e9l\u00e8ne, (\u00e9lev\u00e9e \u00e0 la cour de Diocl\u00e9tien), qui devint sainte.\u00a0En l\u2019an 306, \u00e0 la mort de Constance Chlore les troupes [&hellip;]","og_url":"https:\/\/www.santuantinu.org\/fr\/sardia\/lhistoire\/","og_site_name":"Associazione Santu Antinu","article_modified_time":"2017-06-30T06:15:43+00:00","twitter_card":"summary_large_image","twitter_misc":{"Est. reading time":"4 minutes"},"schema":{"@context":"https:\/\/schema.org","@graph":[{"@type":"WebPage","@id":"https:\/\/www.santuantinu.org\/fr\/sardia\/lhistoire\/","url":"https:\/\/www.santuantinu.org\/fr\/sardia\/lhistoire\/","name":"L'histoire - Associazione Santu Antinu","isPartOf":{"@id":"https:\/\/www.santuantinu.org\/#website"},"datePublished":"2017-06-29T18:24:22+00:00","dateModified":"2017-06-30T06:15:43+00:00","breadcrumb":{"@id":"https:\/\/www.santuantinu.org\/fr\/sardia\/lhistoire\/#breadcrumb"},"inLanguage":"fr-FR","potentialAction":[{"@type":"ReadAction","target":["https:\/\/www.santuantinu.org\/fr\/sardia\/lhistoire\/"]}]},{"@type":"BreadcrumbList","@id":"https:\/\/www.santuantinu.org\/fr\/sardia\/lhistoire\/#breadcrumb","itemListElement":[{"@type":"ListItem","position":1,"name":"Home","item":"https:\/\/www.santuantinu.org\/fr\/"},{"@type":"ListItem","position":2,"name":"S&#8217;Ardia","item":"https:\/\/www.santuantinu.org\/fr\/sardia\/"},{"@type":"ListItem","position":3,"name":"L&#8217;histoire"}]},{"@type":"WebSite","@id":"https:\/\/www.santuantinu.org\/#website","url":"https:\/\/www.santuantinu.org\/","name":"Associazione Santu Antinu","description":"s&#039;Ardia","potentialAction":[{"@type":"SearchAction","target":{"@type":"EntryPoint","urlTemplate":"https:\/\/www.santuantinu.org\/?s={search_term_string}"},"query-input":{"@type":"PropertyValueSpecification","valueRequired":true,"valueName":"search_term_string"}}],"inLanguage":"fr-FR"}]}},"_links":{"self":[{"href":"https:\/\/www.santuantinu.org\/fr\/wp-json\/wp\/v2\/pages\/368","targetHints":{"allow":["GET"]}}],"collection":[{"href":"https:\/\/www.santuantinu.org\/fr\/wp-json\/wp\/v2\/pages"}],"about":[{"href":"https:\/\/www.santuantinu.org\/fr\/wp-json\/wp\/v2\/types\/page"}],"author":[{"embeddable":true,"href":"https:\/\/www.santuantinu.org\/fr\/wp-json\/wp\/v2\/users\/2"}],"replies":[{"embeddable":true,"href":"https:\/\/www.santuantinu.org\/fr\/wp-json\/wp\/v2\/comments?post=368"}],"version-history":[{"count":3,"href":"https:\/\/www.santuantinu.org\/fr\/wp-json\/wp\/v2\/pages\/368\/revisions"}],"predecessor-version":[{"id":393,"href":"https:\/\/www.santuantinu.org\/fr\/wp-json\/wp\/v2\/pages\/368\/revisions\/393"}],"up":[{"embeddable":true,"href":"https:\/\/www.santuantinu.org\/fr\/wp-json\/wp\/v2\/pages\/361"}],"wp:attachment":[{"href":"https:\/\/www.santuantinu.org\/fr\/wp-json\/wp\/v2\/media?parent=368"}],"curies":[{"name":"wp","href":"https:\/\/api.w.org\/{rel}","templated":true}]}}

<p>[et_pb_section fb_built=&#8221;1&#8243; admin_label=&#8221;section&#8221; _builder_version=&#8221;3.0.47&#8243;][et_pb_row admin_label=&#8221;Riga&#8221; _builder_version=&#8221;3.0.47&#8243; background_size=&#8221;initial&#8221; background_position=&#8221;top_left&#8221; background_repeat=&#8221;repeat&#8221;][et_pb_column type=&#8221;1_3&#8243; _builder_version=&#8221;3.0.47&#8243; parallax=&#8221;off&#8221; parallax_method=&#8221;on&#8221;][et_pb_blurb title=&#8221;L&#8217;histoire&#8221; image=&#8221;http://www.santuantinu.org/wp-content/uploads/2017/06/Schermata-2017-06-21-alle-18.29.31.png&#8221; admin_label=&#8221;Blur&#8221; _builder_version=&#8221;3.0.51&#8243; header_font_size=&#8221;27px&#8221; header_line_height=&#8221;1.6em&#8221; body_font_size=&#8221;16px&#8221; body_line_height=&#8221;1.8em&#8221;]</p>
<p><strong>Le Grand Empereur Romain Constantin I, naît à Naisso, aujourd&#8217;hui Niš en Serbie environ en l’an 280 et décéda à Nicomédie en l’an 337. Fils de Constance Chlore, (le tétrarque devenu Auguste en l’an 305), et d&#8217;Hélène, (élevée à la cour de Dioclétien), qui devint sainte. </strong><strong>En l’an 306, à la mort de Constance Chlore les troupes acclamèrent Constantin, en bouleversant ainsi le schéma tétrarchique qui prévoyait l&#8217;élection de Sévère.</strong></p>
<p>[/et_pb_blurb][/et_pb_column][et_pb_column type=&#8221;2_3&#8243; _builder_version=&#8221;3.0.47&#8243; parallax=&#8221;off&#8221; parallax_method=&#8221;on&#8221;][et_pb_text admin_label=&#8221;Testo&#8221; _builder_version=&#8221;3.0.51&#8243; text_font_size=&#8221;16&#8243; text_line_height=&#8221;1.8em&#8221;]</p>
<p>La nomination de Constantin provoqua la réaction de Maxence (qui avait été Auguste jusqu’à l’an 305). L&#8217;élection d’Auguste de Maximien déchaîna les colères de Sévère, ce dernier fut tuer en l’an 307.</p>
<p>À ce moment, se déchaîna une lutte entre Maximien et son fils Maxence, Constantin s&#8217;allia à son beau-père Maximien (Constantin avait épousé sa fille Fausta). Peu après cependant, il découvrait un complot de Maximien, Constantin le contraignit au suicide en l’an 310.<br />
Ils se disputèrent ainsi le titre d&#8217;Auguste, Licinius et Maximin Daïa en Orient et Constantin et Maxence en Occident.</p>
<p>Constantin combattu son rival Maxence en l’an 312, en le battant au Pont Milvius. On raconte que, la nuit avant la bataille, Constantin fit un rêve prémonitoire, il vit une croix avec une inscription &#8220;in hoc signo vinces&#8221;, (avec ce signe tu gagneras), donc il fit mettre sur le blason de la troupe, accolé au symbole païen du soleil, le symbole du Christ, la croix.</p>
<p>Après avoir vaincu Maxence, Constantin s’allia à Licinius, qui allait entrer en conflit avec Maximin Daïa, empereur de la partie orientale de l’Empire.</p>
<p>Les deux augustes signèrent en l’an 313 un édit, dont Constantin semble être le promoteur qui considérait la religion chrétienne permise à côté de la païenne et il disposait la restitution des biens à la communauté ecclésiastique.</p>
<p>En l’an 314 les deux augustes, Constantin et Licinius entrèrent en guerre pour le pouvoir absolu et, Constantin, battu son rival en Pannonia et obtint le contrôle des Balkans.</p>
<p>Constantin continua en ouest une politique de plus en plus favorable aux chrétiens pendant que, Licinius s&#8217;orientait au service des païens. L’affrontement finale eu lieu à l&#8217;Adrianopole, Crysopolis et dans l&#8217;Esponto en l’an 324.</p>
<p>Resté le seul empereur, Constantin, commença la reconstruction de Bisanzio en la rebaptisant Constantinople et en l&#8217;inaugurant siège impérial en l’an 330, en déplaçant le coeur de l&#8217;empire qui, jusqu’à présent était Rome.</p>
<p>Dans le milieu religieux Constantin participa toujours dans des disputes théologiques, en participant entre autre au concile de Nicée en l’an 325. Il voulait maintenir l&#8217;unité de l&#8217;église.<br />
Il contribua à la répression du mouvement donastique en Afrique, premier exemple de la lutte contre l’hérésie.</p>
<p>Constantin décréta beaucoup de lois, par exemple, celle qui demande à l’église de porter assistance aux pauvres.<br />
Dans le domaine social il accentua la tendance à l&#8217;humanisation des esclaves et il se préoccupa de la législation matrimoniale.</p>
<p>Un rôle décisif dans sa conversion fut sa mère, Saint Hélène, à qui il dédia la dernière partie de sa vie à faire construire des églises comme Sainte-Croix à Jérusalem, à Rome ou la Nativité à Bethléem, et à chercher les reliques du Christ en inaugurant la tradition de l&#8217;influence des femmes chrétiennes à la cour impériale.</p>
<p>Constantin mourut de maladie près de Nicomédie en l’an 337, en recevant le baptême sur son lit de mort de l&#8217; arien Eusèbe de Nicomédie.</p>
<p>Constantin n&#8217;a jamais été proclamé saint de l&#8217;Église Catholique mais, comme il est vénéré en orient et en occident, ainsi qu’en Sardaigne, et en particulier à Sedilo, ce culte est très ressenti, probablement suite à la domination byzantin de l&#8217;île.</p>
<p>[/et_pb_text][/et_pb_column][/et_pb_row][/et_pb_section]</p>

<p>Le Grand Empereur Romain Constantin I, naît à Naisso, aujourd&#8217;hui Niš en Serbie environ en l’an 280 et décéda à Nicomédie en l’an 337. Fils de Constance Chlore, (le tétrarque devenu Auguste en l’an 305), et d&#8217;Hélène, (élevée à la cour de Dioclétien), qui devint sainte. En l’an 306, à la mort de Constance Chlore les troupes [&hellip;]</p>

<!-- This site is optimized with the Yoast SEO plugin v26.6 - https://yoast.com/wordpress/plugins/seo/ -->
<title>L&#039;histoire - Associazione Santu Antinu</title>
<meta name="robots" content="index, follow, max-snippet:-1, max-image-preview:large, max-video-preview:-1" />
<link rel="canonical" href="https://www.santuantinu.org/fr/sardia/lhistoire/" />
<meta property="og:locale" content="fr_FR" />
<meta property="og:type" content="article" />
<meta property="og:title" content="L&#039;histoire - Associazione Santu Antinu" />
<meta property="og:description" content="Le Grand Empereur Romain Constantin I, naît à Naisso, aujourd&#039;hui Niš en Serbie environ en l’an 280 et décéda à Nicomédie en l’an 337. Fils de Constance Chlore, (le tétrarque devenu Auguste en l’an 305), et d&#039;Hélène, (élevée à la cour de Dioclétien), qui devint sainte. En l’an 306, à la mort de Constance Chlore les troupes [&hellip;]" />
<meta property="og:url" content="https://www.santuantinu.org/fr/sardia/lhistoire/" />
<meta property="og:site_name" content="Associazione Santu Antinu" />
<meta property="article:modified_time" content="2017-06-30T06:15:43+00:00" />
<meta name="twitter:card" content="summary_large_image" />
<meta name="twitter:label1" content="Est. reading time" />
	<meta name="twitter:data1" content="4 minutes" />
<script type="application/ld+json" class="yoast-schema-graph">{"@context":"https://schema.org","@graph":[{"@type":"WebPage","@id":"https://www.santuantinu.org/fr/sardia/lhistoire/","url":"https://www.santuantinu.org/fr/sardia/lhistoire/","name":"L'histoire - Associazione Santu Antinu","isPartOf":{"@id":"https://www.santuantinu.org/#website"},"datePublished":"2017-06-29T18:24:22+00:00","dateModified":"2017-06-30T06:15:43+00:00","breadcrumb":{"@id":"https://www.santuantinu.org/fr/sardia/lhistoire/#breadcrumb"},"inLanguage":"fr-FR","potentialAction":[{"@type":"ReadAction","target":["https://www.santuantinu.org/fr/sardia/lhistoire/"]}]},{"@type":"BreadcrumbList","@id":"https://www.santuantinu.org/fr/sardia/lhistoire/#breadcrumb","itemListElement":[{"@type":"ListItem","position":1,"name":"Home","item":"https://www.santuantinu.org/fr/"},{"@type":"ListItem","position":2,"name":"S&#8217;Ardia","item":"https://www.santuantinu.org/fr/sardia/"},{"@type":"ListItem","position":3,"name":"L&#8217;histoire"}]},{"@type":"WebSite","@id":"https://www.santuantinu.org/#website","url":"https://www.santuantinu.org/","name":"Associazione Santu Antinu","description":"s&#039;Ardia","potentialAction":[{"@type":"SearchAction","target":{"@type":"EntryPoint","urlTemplate":"https://www.santuantinu.org/?s={search_term_string}"},"query-input":{"@type":"PropertyValueSpecification","valueRequired":true,"valueName":"search_term_string"}}],"inLanguage":"fr-FR"}]}</script>
<!-- / Yoast SEO plugin. -->

Le Grand Empereur Romain Constantin I, naît à Naisso, aujourd'hui Niš en Serbie environ en l’an 280 et décéda à Nicomédie en l’an 337. Fils de Constance Chlore, (le tétrarque devenu Auguste en l’an 305), et d'Hélène, (élevée à la cour de Dioclétien), qui devint sainte. En l’an 306, à la mort de Constance Chlore les troupes [&hellip;]
